t common divisor of 5945820 and 12?
12
Calculate the highest common factor of 42920 and 377.
29
Calculate the highest common factor of 2295094 and 997.
997
What is the greatest common divisor of 10902 and 506?
46
What is the highest common divisor of 13256 and 824?
8
Calculate the greatest common divisor of 1796 and 8.
4
Calculate the highest common factor of 90 and 333522.
18
What is the greatest common divisor of 16548 and 9156?
84
What is the greatest common divisor of 638 and 309749?
319
What is the greatest common divisor of 3016 and 128?
8
What is the greatest common divisor of 77 and 43967?
77
What is the highest common factor of 47748 and 709992?
2076
What is the highest common factor of 1608 and 4355?
67
What is the greatest common factor of 51 and 696?
3
Calculate the greatest common divisor of 4992 and 42.
6
What is the highest common divisor of 72718 and 2884?
206
Calculate the highest common divisor of 301 and 61275.
43
What is the highest common divisor of 32 and 34208?
32
Calculate the highest common divisor of 355165 and 5773.
251
Calculate the greatest common divisor of 434 and 381052.
434
What is the highest common factor of 14 and 6482?
14
Calculate the greatest common divisor of 1212 and 7128.
12
Calculate the highest common divisor of 101560 and 90.
10
Calculate the greatest common divisor of 442 and 1742.
26
Calculate the greatest common factor of 3817592 and 328.
328
Calculate the highest common factor of 13030 and 410.
10
Calculate the greatest common divisor of 203646 and 6.
6
What is the greatest common factor of 933747 and 1636?
409
What is the greatest common factor of 4376 and 56?
8
What is the greatest common divisor of 105369 and 9021?
93
Calculate the greatest common factor of 6968 and 128.
8
Calculate the highest common divisor of 1120 and 23835.
35
Calculate the greatest common factor of 70 and 622174.
14
Calculate the greatest common factor of 574 and 179088.
574
What is the highest common factor of 102 and 7895038?
34
What is the greatest common divisor of 125580 and 1260?
420
What is the greatest common divisor of 777 and 2244?
3
What is the highest common factor of 824 and 3064?
8
Calculate the greatest common divisor of 1100 and 308.
44
Calculate the highest common divisor of 238 and 4726.
34
What is the highest common factor of 41178 and 18?
6
What is the greatest common divisor of 8689 and 7?
1
What is the highest common factor of 56 and 371?
7
Calculate the highest common factor of 3 and 449.
1
Calculate the highest common divisor of 546 and 263298.
42
What is the highest common divisor of 218 and 4029839?
109
Calculate the highest common factor of 1023400 and 3225.
1075
What is the highest common divisor of 108 and 450?
18
What is the highest common divisor of 4110 and 285?
15
What is the highest common divisor of 299856 and 48?
48
What is the highest common divisor of 2368 and 9176?
296
Calculate the greatest common divisor of 14846 and 26837.
571
What is the highest common factor of 354 and 1947?
177
What is the greatest common factor of 379424 and 14768?
1136
Calculate the greatest common divisor of 4869 and 117.
9
Calculate the greatest common divisor of 30312 and 864.
72
Calculate the highest common factor of 217310 and 620.
310
What is the highest common divisor of 124871 and 1737?
193
Calculate the highest common divisor of 242574 and 18.
6
What is the highest common factor of 274950 and 125?
25
What is the highest common divisor of 21380970 and 1095?
1095
What is the greatest common factor of 18170 and 179330?
790
What is the highest common factor of 140 and 584920?
140
Calculate the highest common factor of 66 and 470261.
11
What is the highest common factor of 53091 and 2125?
17
Calculate the greatest common factor of 848256 and 108.
12
What is the greatest common divisor of 23989 and 2737?
161
Calculate the highest common factor of 174525 and 34368.
537
What is the greatest common factor of 11375 and 625?
125
Calculate the greatest common divisor of 46 and 4773052.
46
What is the highest common divisor of 53 and 67?
1
What is the highest common factor of 1250 and 4025?
25
What is the greatest common factor of 66 and 22858?
22
What is the highest common divisor of 2082 and 736?
2
Calculate the highest common factor of 35712 and 504.
72
Calculate the highest common divisor of 143 and 2327.
13
Calculate the greatest common factor of 238 and 10187828.
238
Calculate the greatest common divisor of 1212813 and 93.
93
What is the highest common divisor of 117 and 334620?
117
Calculate the greatest common divisor of 1452 and 3156.
12
Calculate the greatest common factor of 1671057 and 1593.
1593
What is the greatest common divisor of 1210718 and 19?
19
Calculate the highest common divisor of 54 and 741150.
54
What is the highest common factor of 10032 and 20672?
304
Calculate the highest common divisor of 8790 and 19110.
30
What is the greatest common factor of 8844 and 1541?
67
Calculate the highest common divisor of 3130 and 46637.
313
What is the highest common divisor of 2416 and 14576?
16
What is the greatest common divisor of 458896 and 261?
29
Calculate the highest common divisor of 286 and 54795.
13
What is the greatest common factor of 67962 and 2820?
282
Calculate the greatest common factor of 1474 and 671.
11
Calculate the highest common factor of 10616 and 576.
8
What is the highest common divisor of 24616 and 17738?
362
Calculate the greatest common factor of 36853 and 11.
1
Calculate the highest common divisor of 3 and 9003.
3
What is the highest common factor of 935890 and 1240?
310
Calculate the greatest common factor of 1570 and 92787.
157
Calculate the highest common factor of 137561 and 302.
151
What is the highest common factor of 41933 and 76?
19
Calculate the greatest common factor of 40959 and 69597.
333
What is the greatest common factor of 399 and 118104?
399
What is the highest common factor of 22560 and 24?
24
What is the greatest common factor of 3809 and 403?
13
What is the greatest common factor of 7362 and 1462584?
2454
What is the highest common factor of 23 and 56833?
23
What is the greatest common factor of 66899 and 112?
7
What is the greatest common divisor of 861042 and 9296?
1162
What is the highest common factor of 3167045 and 2870?
1435
Calculate the greatest common divisor of 26 and 7319.
13
Calculate the highest common factor of 15990 and 27430.
130
Calculate the highest common factor of 11102 and 988.
26
Calculate the greatest common factor of 25496 and 256.
8
Calculate the highest common divisor of 81 and 10134.
9
Calculate the highest common factor of 64740 and 1248.
156
Calculate the greatest common factor of 102992 and 12246.
314
What is the greatest common factor of 576 and 693666?
18
Calculate the highest common factor of 10793 and 172.
43
Calculate the greatest common divisor of 453 and 13620.
3
What is the highest common divisor of 533902 and 738?
82
What is the greatest common divisor of 372 and 716286?
186
What is the greatest common divisor of 1046 and 6166?
2
What is the highest common factor of 5919 and 765524?
1973
Calculate the greatest common factor of 2 and 167773.
1
What is the highest common divisor of 6327 and 296?
37
Calculate the greatest common factor of 21503941 and 1567.
1567
What is the greatest common factor of 168949 and 22?
11
Calculate the highest common factor of 886831 and 11.
11
Calculate the greatest common divisor of 91 and 12038.
13
What is the greatest common factor of 102580 and 86524?
892
Calculate the greatest common divisor of 2436 and 103404.
84
Calculate the greatest common divisor of 39711 and 4557.
651
What is the highest common factor of 1979 and 13843105?
1979
What is the greatest common divisor of 14030 and 2162?
46
Calculate the greatest common divisor of 67568 and 384.
16
What is the highest common divisor of 15571 and 69?
23
What is the highest common divisor of 94750 and 12886?
758
What is the greatest common divisor of 6652 and 96?
4
What is the greatest common divisor of 15 and 537015?
15
Calculate the highest common divisor of 20213 and 16031.
697
What is the greatest common factor of 11198 and 814?
22
Calculate the greatest common divisor of 153 and 9231.
51
What is the highest common divisor of 2